s divided by 15.
12
Calculate the remainder when 113 - (-3 + (-6)/(-2)) is divided by 29.
26
Let m = -94 + 188. Suppose -2*d = 3*i - 7*d - m, -2*i = 3*d - 31. Calculate the remainder when 44 is divided by i.
21
Suppose -5*d = i - 60, 0 = -4*d + 3*d - 3*i + 26. What is the remainder when 35 is divided by d?
2
Suppose 378 - 133 = -5*u. Let y = -5 - u. What is the remainder when y is divided by 24?
20
Let a(d) = 2*d - 10. Let c be a(7). Suppose -j - 5*p = j - 17, -48 = -c*j + 4*p. What is the remainder when 42 is divided by j?
9
Suppose 4*i - 11 - 29 = 0. Suppose -s + 0*t - t = -i, 0 = 2*s + 4*t - 22. Calculate the remainder when 25 is divided by s.
7
Let f(q) = -q**3 - 3*q**2 + 2*q - 3. What is the remainder when 8 is divided by f(-4)?
3
Let n(m) = 6*m**2 - 2*m + 1. Let i be n(1). Suppose -i*u = 2 - 27. Suppose -3 = g + 2*y - 4*y, -u*y + 9 = -2*g. What is the remainder when 5 is divided by g?
2
Let g(a) be the first derivative of a**3/3 - 11*a**2/2 + 13*a + 3. Calculate the remainder when g(11) is divided by 5.
3
Let p(k) = k - 4. Suppose 0 = 3*v + 2*u - 0*u - 29, -2*u - 27 = -5*v. Let n be p(v). Calculate the remainder when 26 is divided by n*-1*(-28)/6.
12
Suppose 0*n = -4*w + 5*n + 59, -2*n - 28 = -2*w. What is the remainder when 38 is divided by w?
5
Suppose 2*n - 11 = 3. What is the remainder when n is divided by 4?
3
Let d(o) = o**3 + 5*o**2 + 2*o + 4. Calculate the remainder when 47 is divided by d(-4).
11
Suppose -4 = 2*s, 68 = l - s - s. Suppose -5*z + 2*d + l = -z, -3*d = 2*z - 24. Calculate the remainder when 44 is divided by z.
14
Suppose -4*y = 2*u - 152, 5*u = -5*y + 48 + 327. Suppose -5*w + u - 19 = 0. What is the remainder when 32 is divided by w?
10
Let b = -2 - -4. Suppose 0 = -b*i + 49 + 25. Let j = -26 + i. What is the remainder when 32 is divided by j?
10
Let u(j) = 2*j**2 + 14*j - 20. Calculate the remainder when u(-11) is divided by 14.
12
Let q(l) = l**2 + 2. Calculate the remainder when q(1) is divided by 2.
1
Let c = 58 + -4. Calculate the remainder when c is divided by 10.
4
Suppose 0*c - 6 = -3*c. Suppose c*q + 3*v = -108, 3*q + 4*v + v = -160. Calculate the remainder when 1*(q - -1)/(-1) is divided by 20.
19
Let w be -1 - -1*9/3. Suppose 5*k = -3*h - 2 - w, h - 4*k = 10. Suppose 3*c - 13 = h*c - 2*f, -2*c + 2 = -4*f. What is the remainder when c is divided by 4?
3
Suppose 4*o + 648 = 4*r, -3*r - 2*o = o - 474. Let a be ((-6)/(-5))/(12/r). Let k = -10 + a. What is the remainder when k is divided by 4?
2
Suppose 2*k - 2*i = -5 + 3, -4*k + 24 = 3*i. Suppose 2*a - 45 = -k*r, -3*r + 39 = 3*a - 9. What is the remainder when 1/((-3)/(-6)) - -35 is divided by r?
11
Let g be 2/6 + (-249)/(-9). Let s be -1 - (2 - (-1 - -2)). Let a = g + s. What is the remainder when a is divided by 9?
8
Let c(b) = b**3 - 4*b**2 - 5*b + 3. Let j be c(5). Suppose -j*s - 4 + 61 = 0. Calculate the remainder when 36 is divided by s.
17
Let k(g) = g**3 - 7*g**2 + 5*g - 2. Calculate the remainder when k(7) is divided by 9.
6
Suppose 5*o = -3 + 8. Let j(s) be the second derivative of 7*s**4/6 + s**2/2 - 5*s. What is the remainder when 44 is divided by j(o)?
14
Let x(k) = 2 + 2*k**2 + 0*k**2 + 3*k + 0*k**2. What is the remainder when 21 is divided by x(-3)?
10
Suppose 3*o + 4*q = 15, -q - 5 = -o + q. Suppose -z - 38 = -2*n, -z + 50 = 2*n - o*z. Calculate the remainder when 66 is divided by n.
15
Let g(z) be the first derivative of z**4 - 2*z**3/3 - z**2/2 + 2*z + 2. Calculate the remainder when g(2) is divided by 13.
11
Let k = -2 - -9. Let j = -124 + 158. Calculate the remainder when j is divided by k.
6
Let b(j) = -j - 4. Let r be b(-6). What is the remainder when 17 is divided by (r/3)/(5/45)?
5
Let p = 48 - 40. What is the remainder when 46 is divided by p?
6
Let i = 20 - 11. Let j = i - 6. Suppose -h + 64 = j*h. Calculate the remainder when 30 is divided by h.
14
Let p = -10 + 14. Suppose -51 = -4*n + 3*j - 6, -2*n = -5*j - 5. Calculate the remainder when n is divided by p.
3
Suppose -165 = -4*s + 11. Suppose -5*n - s = -n. Let x = -1 - n. What is the remainder when 29 is divided by x?
9
Let a be (3 + -1)*(-11)/(-2). Let j = 54 + -38. Let x = j - a. What is the remainder when x is divided by 3?
2
Suppose 132 - 33 = -3*o. Suppose -c = 2*g + 47, 20 = c - 5*c. Let b = g - o. Calculate the remainder when 23 is divided by b.
11
Let l = 27 + -18. Calculate the remainder when l is divided by ((-9)/4)/(-3)*8.
3
Let i = 41 - 22. Let b(n) = -5*n + 5. What is the remainder when b(-10) is divided by i?
17
Suppose 0*y = -y + 65. Calculate the remainder when y is divided by 2 - (-22 + 4 + -2).
21
Let u = 125 - 28. What is the remainder when u is divided by 25?
22
Let s = -18 + 32. What is the remainder when 2*-39*(-3)/6 is divided by s?
11
Let c = -18 + 20. Calculate the remainder when c - (-38 + 3/(-1)) is divided by 15.
13
Suppose -13 = -4*s + 67. What is the remainder when s is divided by 7?
6
Suppose -93 = 9*p - 300. Calculate the remainder when p is divided by 12*2*3/6.
11
Suppose -s + 5*g + 16 + 13 = 0, 3*s + 4*g = 30. Let t = -1 + 6. What is the remainder when s is divided by t?
4
Calculate the remainder when 1/4 + 2586/24 is divided by 37.
34
Let h(y) be the first derivative of -y**3/3 + 4*y**2 - 4*y - 2. Suppose 5*f - 32 = f - 2*l, f + l = 10. Calculate the remainder when 23 is divided by h(f).
7
Suppose a + 2*j - 25 = 0, -4*j = 3*a - 9*j - 108. Let o be 44 + 1*(3 + -2). Suppose z = -5, f - 2*z = 6*f - o. Calculate the remainder when a is divided by f.
9
Suppose -2*l + 124 = -q, 2*l + q - 19 - 101 = 0. Let y = -4 + l. What is the remainder when y is divided by 15?
12
Let t = 0 + -4. What is the remainder when 23 is divided by 12/1 + 0/t?
11
Let j(t) = -t**2 - t. Let x be j(-2). Let h = x - -27. Calculate the remainder when h is divided by 9.
7
Let m(q) be the third derivative of 0*q - q**2 + 1/6*q**3 + 0 + 1/12*q**4. Calculate the remainder when 16 is divided by m(4).
7
Let v = 45 + -28. Let j = -5 - -58. Suppose 5*d - 4*x = j, -2*d - d = -2*x - 31. Calculate the remainder when v is divided by d.
8
Suppose -2*l + 6*x - 6 = x, -11 = -l - x. Let j(t) = t**2 - 7*t - 4. Let w be j(l). Let s = -1 - w. What is the remainder when 8 is divided by s?
2
Let t = -22 - -45. Calculate the remainder when 113 is divided by t.
21
What is the remainder when 34 is divided by (-5)/25 + 138/15?
7
Let c be (-1)/(-2) - (-20)/(-8). Calculate the remainder when 23/(-1*(1 + c)) is divided by 6.
5
Calculate the remainder when 2/(400/(-202) - -2) is divided by 13.
10
Let j be ((-4)/4)/(1/6). Let z(q) = -7*q - 7. Calculate the remainder when z(j) is divided by (0 - 2 - -3) + 17.
17
Let l(x) = -x + 2. Let w be l(-2). Let c = 6 - 8. What is the remainder when (4/(-2))/(c/w) is divided by 3?
1
Let i(v) = -3*v. What is the remainder when i(-2) is divided by 70/(-10)*8/(-14)?
2
Let l be -1 - -4 - (0 - -1). Suppose -b + 10 = -3*x, -2*b = l*b - x - 51. What is the remainder when 37 is divided by b?
11
Let w(q) = -q - 13. Suppose b = -b - 30. What is the remainder when 7 is divided by w(b)?
1
Let u(d) be the first derivative of d**4/4 - 5*d**3/3 - d**2 - 6*d + 3. Calculate the remainder when u(6) is divided by 7.
4
Suppose -2*h + 146 = -32. What is the remainder when h is divided by 23?
20
Let o = 22 + -19. Suppose b + 22 = o*b. Calculate the remainder when 30 is divided by b.
8
Let o(t) = t**3 - 6*t**2 + 6*t. Let z be o(5). Let j = z + -2. What is the remainder when 7 is divided by j?
1
Let u(w) = -17*w + 8. Let f(i) = -25*i + 12. Let h(a) = -5*f(a) + 7*u(a). Calculate the remainder when h(8) is divided by 15.
14
Suppose 0 = -37*v + 41*v - 344. Calculate the remainder when v is divided by 30.
26
Suppose 3*r + 1 = -3*d - 2, -4*r - 7 = 3*d. Let z = 46 + r. Calculate the remainder when z is divided by 11.
9
Let d = -57 - -66. What is the remainder when d is divided by 4?
1
Calculate the remainder when 13 is divided by (-46)/(-10) + 3/(-5).
1
Let j(f) = f**2 + 7*f + 10. Let l be j(-5). Suppose -k = -l*v - 3*v - 27, v - 11 = -k. Calculate the remainder when 57 is divided by k.
12
Let r(f) = f**2 - 11*f + 10. Let w(h) = h - 1. Let l(j) = -r(j) + 5*w(j). Calculate the remainder when 71 is divided by l(13).
23
Let w(u) = -u**2 - 2*u - 1. Let s be w(2). Let m = -1 - s. Calculate the remaind